ded by v?
40
Suppose 3*c - 11*c = -1048. Suppose -30*l + 22*l + 96 = 0. Calculate the remainder when c is divided by l.
11
Let x be -7 + 6 + 6/2. Suppose -x*i - 5 = -l - i, -i = 5*l - 19. Let m = -13 - -21. What is the remainder when m is divided by l?
0
Suppose -p - f + 293 = 0, -2*f - 1469 = -5*p - 3*f. What is the remainder when p is divided by 100?
94
Suppose -6607 - 46225 = -127*h. What is the remainder when h is divided by 60?
56
Let o(w) = -49*w - 2882. What is the remainder when o(-63) is divided by 64?
13
Let u(s) = -4*s**2 + 42*s + 15. Let x(r) = -6*r**2 + 40*r + 16. Let v(m) = -5*u(m) + 4*x(m). What is the remainder when v(-10) is divided by 6?
5
Let d(w) = -124*w + 16*w + 30 - 37. Let i be d(-1). What is the remainder when i - (-6)/(-2 + 4) is divided by 21?
20
Let h = -31 - -15. Let p be (-69)/(-2)*h/(-24). Let y = 40 - p. What is the remainder when 49 is divided by y?
15
Let h(b) = 4*b**2 - 15*b - 11. Let a be h(7). Suppose -3*o + l + a = o, 0 = -5*o + 2*l + 100. Calculate the remainder when 37 is divided by o.
17
Let w = -16 - -67. Suppose 25 = -7*b + 12*b. Suppose 4 = 5*i - 1, -b*t - i = -w. Calculate the remainder when 36 is divided by t.
6
Let y = -287 - -299. Calculate the remainder when 38 is divided by 6/(y/38) + (-6 - -1).
10
Let f be 23/(-13)*5 - (-4)/(-26). Let w be 6*(-2)/(-4)*(-24)/f. Suppose -h + 21 - w = 0. Calculate the remainder when h is divided by 8.
5
Suppose 36*t - 13 = 35*t. Suppose 99 = -t*b + 22*b. Calculate the remainder when 51 is divided by b.
7
Let m = -1507 - -1531. Suppose -3*c = -0*d - 2*d + 159, -4*c = -4*d + 328. Calculate the remainder when d is divided by m.
15
Suppose f = 6*f - q + 24, -2*f = 4*q + 14. Calculate the remainder when 237 is divided by (10/(-9))/(f/45).
7
Suppose 5*t + 3*q - 519 = 0, -412 = 6*t - 10*t - 4*q. Calculate the remainder when 444 is divided by t.
24
Let r(a) = 25*a**3 - a**2 - a. Suppose -2*p = f - 42, 3*p = f - 67242 + 67240. Calculate the remainder when r(2) is divided by f.
12
Suppose -5*f - j = -305, 9*f + 5*j - 325 = 4*f. Let h = -14270 - -14309. Calculate the remainder when f is divided by h.
21
Calculate the remainder when 3384/(-27)*15/(-10) is divided by 87.
14
Let u be ((-2600)/(-250))/((-2)/20). Let n = -102 - u. Calculate the remainder when 10 is divided by n.
0
Let x = 2027 + -1134. What is the remainder when x is divided by 48?
29
Let o(r) = -r**3 + 94*r**2 - 189*r + 491. What is the remainder when (-978)/(-8) - (-2)/(-8) is divided by o(92)?
29
Suppose -g - 2*t = -26, 152 = 3*g + 2*g - t. Suppose 3*z = 4 + 230. Let w = z + -70. What is the remainder when g is divided by w?
6
Let a(b) = -201*b**2 - 1818*b + 13. What is the remainder when 192 is divided by a(-9)?
4
Let o = 142402 - 142323. Let g = -44 + 84. Calculate the remainder when o is divided by g.
39
Suppose -6*q + q = 3*k - 1922, 5*q - 1928 = 3*k. Let x = q + -225. Suppose -4*p + 116 = -x. Calculate the remainder when p is divided by 14.
13
Let m = 679 + -1096. Let d = m - -448. Suppose -2*g = -101 - 81. What is the remainder when g is divided by d?
29
What is the remainder when 917 is divided by -4 + (-3220)/(-55) - 48/88?
53
Suppose -6*z + 144 = 42. Calculate the remainder when 99 is divided by z.
14
Suppose 19777 = -433*z + 435*z + 5*p, 3*z + 5*p - 29648 = 0. What is the remainder when z is divided by 12?
7
Suppose 3361 = -5*x + 2*j, -j + 674 = 7*x - 8*x. Let v = -471 - x. Calculate the remainder when v is divided by 56.
32
Suppose -4*f = -3*f - 58. Let k = -2304 + 2334. What is the remainder when f is divided by k?
28
Suppose -148 = l - 10. Let q = l - -246. Let j = q - 42. Calculate the remainder when j is divided by 23.
20
Suppose -7*o + 123*o - 21576 = 0. Calculate the remainder when o is divided by 62.
0
Suppose 0 = -12*b + 4*b + 16. Suppose b*r - a = -4*a + 171, -397 = -4*r + 5*a. What is the remainder when 366 is divided by r?
87
Suppose -1709 = -10*x - 1549. Suppose -316*h + 312*h + x = 0. What is the remainder when (-2)/4 + (-42)/(-4) is divided by h?
2
Let f(s) = -6*s**3 + s**2 + s. Suppose 8*c + 18 = 2. Let t be f(c). Let b = t + -39. Calculate the remainder when 28 is divided by b.
6
Let t(v) = -5*v**3 + 4*v**2 + 4*v + 2. Let g be t(-4). Suppose g = 31*l - 21*l. What is the remainder when 73 is divided by l?
36
Let p(r) = r**2 - 15*r + 42. Let x be p(12). Suppose -115 = z - x*z. Calculate the remainder when 87 is divided by z.
18
Suppose 0 = 2*u + m + 77, -5*u + 3*m - 176 = 22. What is the remainder when 55 is divided by ((-13)/u)/((-1)/(-30))?
5
Let h = -76 + 87. Let i(v) = 17*v - 56. What is the remainder when i(h) is divided by 22?
21
Suppose 2*v - 8 = 0, -3*y + 0*y = -4*v + 82. Let z = y + 84. Calculate the remainder when z is divided by 12.
2
Let g(u) = -u**3 + 52*u - 94. Calculate the remainder when 365 is divided by g(6).
1
Let o(r) = r**3 - 11*r + 5*r**2 + 32 + 3*r**2 - 101. Calculate the remainder when 96 is divided by o(-8).
1
Suppose -7194 = -5*m + 2*v, -2883 = -2*m + 2*v - 3*v. Suppose -592 = -2*i - 4*f, -5*i + 0*i - 2*f = -m. Calculate the remainder when i is divided by 9.
7
Suppose 2*z - 36 = 2. Let g(b) = 39*b + 142. Let a(w) = 118*w + 423. Let s(r) = -6*a(r) + 17*g(r). Calculate the remainder when z is divided by s(-3).
8
Let d = 169 - 70. Suppose 5*t - 75 = -4*i, i - t + 145 - 148 = 0. Calculate the remainder when d is divided by i.
9
Let x(n) = 3*n**2 + 7*n - 11. Let r(f) = f**2 + 2*f - 1. Let o(z) = 4*r(z) - x(z). What is the remainder when 112 is divided by o(-3)?
8
Let m be (-1 + -3)/(-2*3/6). Suppose 0 = 3*p + 4*i - 78, 2*p + 4*i = m*p - 32. Calculate the remainder when p is divided by 8.
6
Let b = 26430 + -26424. Suppose d + 3*d - 108 = 0. Suppose -3*p = y - 2*y + 10, 2*y + p = d. Calculate the remainder when y is divided by b.
1
Suppose -3*l + 6*b - 3*b = -102, 0 = 4*l - 3*b - 137. Let j = l - 17. Let n = 11 - 4. Calculate the remainder when j is divided by n.
4
Suppose -78*o + 73*o - 150*o = -3720. Suppose 2*p + 2*s = 30, 6*s = s. Calculate the remainder when o is divided by p.
9
Let w = -547 + 434. Let c = -105 - w. What is the remainder when 20 is divided by c?
4
Let q = 6 + -2. Suppose 0 = 4*z + 21 - 1, 114 = x - q*z. What is the remainder when x is divided by (-8)/((-220)/(-132)*(-3)/5)?
6
Let n(g) = g**3 - g**2 - 15*g + 3. Let z be n(4). Calculate the remainder when 13 is divided by (-1)/(15/z + 2) - -6.
1
Let i = -11641 - -12969. What is the remainder when i is divided by 432?
32
Suppose 16704 = -197*x + 545*x. Calculate the remainder when 49 is divided by x.
1
Let v be (-1)/(-4) + 2317/28. Let b = 615 - 527. Let l = b - v. Calculate the remainder when 27 is divided by l.
2
Suppose 14*o + 1122 = 32*o + 33*o. Calculate the remainder when 182 is divided by o.
6
Let r(s) = 20*s + 3. Let i(z) = -9*z - 2. Let m(a) = -5*i(a) - 2*r(a). Calculate the remainder when 23 is divided by m(2).
9
Let h be (-1 + (-1 - 1))/(-3 - -2). Suppose -20 - h = -q - 2*o, 2*o = -4*q + 92. Calculate the remainder when 12/42 + (-467)/(-7) is divided by q.
21
Suppose 128*j = 2680 + 8. Calculate the remainder when 4629 is divided by j.
9
Let f = 758 - 746. Let p(b) = -7*b - 40. Calculate the remainder when p(-26) is divided by f.
10
Let f = 450 + -338. What is the remainder when f is divided by 0 + 134/6 + 2/3?
20
Let f(b) = -b + 1. Let d(w) = -w**2 - 9*w - 2. Let i(k) = -d(k) + f(k). What is the remainder when i(-9) is divided by 7?
5
Let d = -963 - -1640. Suppose d*f + 36 = 679*f. What is the remainder when 66 is divided by f?
12
Let y(g) = -g**3 + 4*g**2 + 4*g + 40. Let h(b) = 2*b**3 - 12*b**2 - 12*b - 119. Let u(l) = 3*h(l) + 8*y(l). Calculate the remainder when u(-4) is divided by 15.
13
Let v(l) = -16*l**2 + 4*l - 19. Let z(k) = 46*k**2 - 11*k + 56. Let x(y) = 17*v(y) + 6*z(y). What is the remainder when x(-5) is divided by 5?
3
Suppose 40 = 4618*t - 4617*t. What is the remainder when 145 is divided by t?
25
Suppose 0 = -3*j + 37 - 10. Let o(v) = -6*v + 180. Let t be o(36). Let z(f) = -f**3 - 34*f**2 + 71*f - 21. What is the remainder when z(t) is divided by j?
6
Suppose -6*j + 3*j + 23 = -z, -4*j = 3*z - 22. Suppose j*g = -38 + 101. Calculate the remainder when 38 is divided by g.
2
Let o(d) = -73*d + 614. What is the remainder when 187 is divided by o(8)?
7
Let v = -92 + 159